0
What is 3 (base 10) in base 7?
3
Convert -21 (base 4) to base 14.
-9
What is -8 (base 10) in base 9?
-8
What is -244 (base 5) in base 9?
-82
What is 8 (base 16) in base 12?
8
-244 (base 5) to base 3
-2202
Convert 88 (base 14) to base 16.
78
404 (base 5) to base 16
68
-16 (base 9) to base 3
-120
-1220 (base 3) to base 5
-201
Convert 11 (base 2) to base 7.
3
-5 (base 10) to base 9
-5
What is 102 (base 7) in base 12?
43
What is 110 (base 7) in base 16?
38
What is -3 (base 7) in base 10?
-3
Convert -27 (base 11) to base 5.
-104
Convert -32 (base 5) to base 3.
-122
Convert 119 (base 16) to base 5.
2111
-4 (base 14) to base 5
-4
Convert 203 (base 4) to base 9.
38
-1 (base 11) to base 2
-1
What is 143 (base 6) in base 14?
47
25 (base 7) to base 14
15
-65 (base 7) to base 6
-115
20 (base 14) to base 5
103
Convert -111 (base 4) to base 16.
-15
Convert -1000 (base 2) to base 7.
-11
Convert 2 (base 7) to base 16.
2
3 (base 5) to base 7
3
Convert -120 (base 13) to base 6.
-523
Convert 425 (base 7) to base 10.
215
What is -e (base 16) in base 7?
-20
-2 (base 4) to base 16
-2
What is -101 (base 10) in base 2?
-1100101
-b (base 13) to base 12
-b
What is 84 (base 11) in base 15?
62
Convert -12 (base 14) to base 6.
-24
11 (base 6) to base 15
7
1313 (base 4) to base 10
119
Convert -22001 (base 3) to base 6.
-1001
-104 (base 6) to base 7
-55
Convert -6 (base 12) to base 11.
-6
a (base 16) to base 14
a
Convert -28 (base 13) to base 8.
-42
-55 (base 14) to base 16
-4b
What is -42 (base 6) in base 16?
-1a
-1000 (base 2) to base 4
-20
-2221 (base 4) to base 9
-207
Convert -41 (base 7) to base 4.
-131
What is -2 (base 9) in base 15?
-2
11010 (base 2) to base 15
1b
What is 6 (base 14) in base 11?
6
What is -52 (base 8) in base 15?
-2c
-25 (base 13) to base 3
-1011
14 (base 16) to base 9
22
Convert 40 (base 12) to base 2.
110000
Convert 1c (base 15) to base 14.
1d
Convert -1101011 (base 2) to base 10.
-107
Convert -11 (base 2) to base 13.
-3
What is 43 (base 6) in base 7?
36
Convert -20 (base 8) to base 15.
-11
Convert 164 (base 7) to base 12.
7b
-a (base 15) to base 3
-101
-123 (base 5) to base 6
-102
Convert -1 (base 6) to base 16.
-1
Convert -2 (base 8) to base 2.
-10
Convert 332 (base 5) to base 11.
84
31 (base 6) to base 10
19
Convert 10 (base 7) to base 6.
11
Convert 12 (base 4) to base 10.
6
32 (base 10) to base 16
20
2 (base 15) to base 4
2
Convert -7a (base 11) to base 12.
-73
Convert 110011 (base 3) to base 15.
16d
10 (base 8) to base 12
8
What is -11 (base 2) in base 4?
-3
Convert -12 (base 11) to base 16.
-d
What is 350 (base 6) in base 7?
255
What is -253 (base 6) in base 14?
-77
-c7 (base 14) to base 12
-127
Convert -15 (base 11) to base 16.
-10
-12 (base 4) to base 7
-6
What is -2022 (base 3) in base 16?
-3e
What is 14 (base 15) in base 4?
103
-4 (base 13) to base 12
-4
0 (base 14) to base 8
0
Convert -38 (base 14) to base 5.
-200
What is -17 (base 8) in base 6?
-23
Convert -10101001 (base 2) to base 11.
-144
Convert -2 (base 16) to base 15.
-2
Convert -3 (base 14) to base 12.
-3
33 (base 14) to base 3
1200
-115 (base 7) to base 6
-141
Convert -17 (base 11) to base 3.
-200
Convert -8 (base 16) to base 7.
-11
What is 3 (base 5) in base 10?
3
27 (base 15) to base 11
34
What is 2 (base 4) in base 11?
2
2 (base 4) to base 16
2
Convert -89 (base 10) to base 15.
-5e
What is 110100 (base 2) in base 4?
310
8 (base 11) to base 3
22
Convert -9 (base 12) to base 3.
-100
What is -10 (base 10) in base 4?
-22
Convert 10 (base 11) to base 12.
b
Convert 20 (base 5) to base 15.
a
Convert -1002 (base 3) to base 2.
-11101
Convert 32 (base 10) to base 4.
200
Convert -100 (base 2) to base 15.
-4
What is -103 (base 8) in base 4?
-1003
Convert 1 (base 3) to base 13.
1
-28 (base 15) to base 13
-2c
What is 4 (base 14) in base 16?
4
-11202 (base 3) to base 11
-107
-2 (base 16) to base 15
-2
Convert -7 (base 12) to base 2.
-111
Convert 15 (base 10) to base 9.
16
204 (base 8) to base 14
96
Convert 5 (base 12) to base 11.
5
Convert -301 (base 5) to base 14.
-56
33 (base 6) to base 8
25
-65 (base 14) to base 10
-89
What is -12 (base 9) in base 10?
-11
What is -440 (base 5) in base 8?
-170
-1231 (base 6) to base 7
-616
Convert -12 (base 3) to base 10.
-5
Convert -4 (base 8) to base 9.
-4
-10 (base 2) to base 13
-2
What is -6 (base 15) in base 6?
-10
What is 3 (base 14) in base 10?
3
Convert -2 (base 4) to base 2.
-10
37 (base 8) to base 9
34
361 (base 9) to base 12
20a
Convert 5 (base 11) to base 10.
5
-8 (base 13) to base 6
-12
-1 (base 13) to base 15
-1
-2001 (base 4) to base 16
-81
17 (base 13) to base 3
202
What is 1 (base 12) in base 6?
1
What is -262 (base 7) in base 2?
-10001110
110 (base 3) to base 6
20
Convert 1 (base 6) to base 15.
1
-45 (base 11) to base 4
-301
166 (base 7) to base 13
76
What is 2 (base 8) in base 3?
2
Convert 114 (base 6) to base 9.
51
What is -10 (base 12) in base 7?
-15
What is -8a (base 13) in base 9?
-136
Convert 100 (base 3) to base 7.
12
Convert 0 (base 6) to base 16.
0
What is -24 (base 7) in base 8?
-22
Convert 5 (base 8) to base 3.
12
-11 (base 4) to base 11
-5
Convert 2 (base 6) to base 11.
2
Convert 1101 (base 3) to base 10.
37
-12 (base 7) to base 3
-100
What is -5 (base 7) in base 16?
-5
What is 11 (base 2) in base 11?
3
What is 71 (base 15) in base 7?
211
4 (base 10) to base 15
4
Convert 100000 (base 2) to base 9.
35
-63 (base 7) to base 13
-36
-43 (base 8) to base 11
-32
What is -4 (base 13) in base 5?
-4
0 (base 11) to base 7
0
What is 24 (base 12) in base 13?
22
What is -23 (base 10) in base 16?
-17
-51 (base 11) to base 2
-111000
-124 (base 6) to base 9
-57
What is -224 (base 5) in base 4?
-1000
-1 (base 10) to base 16
-1
What is 1000 (base 3) in base 8?
33
7 (base 11) to base 12
7
What is -2 (base 5) in base 11?
-2
Convert -202 (base 11) to base 16.
-f4
110 (base 2) to base 7
6
What is 1 (base 7) in base 10?
1
220 (base 6) to base 14
60
-101 (base 2) to base 7
-5
Convert 1 (base 5) to base 12.
1
Convert 74 (base 14) to base 12.
86
What is -343 (base 5) in base 16?
-62
Convert 0 (base 10) to base 4.
0
20 (base 4) to base 3
22
Convert -19 (base 13) to base 2.
-10110
Convert -115 (base 7) to base 11.
-56
What is 75 (base 8) in base 13?
49
1 (base 13) to base 2
1
Convert 66 (base 11) to base 16.
48
What is -37 (base 9) in base 11?
-31
-101000 (base 2) to base 3
-1111
What is 60 (base 11) in base 9?
73
Convert 172 (base 8) to base 9.
145
What is 1 (base 3) in base 9?
1
19 (base 14) to base 8
27
Convert 1 (base 13) to base 12.
1
111 (base 5) to base 4
133
What is 41 (base 5) in base 10?
21
Convert -10121 (base 3) to base 16.
-61
-11 (base 3) to base 7
-4
What is -3 (base 4) in base 5?
-3
-9 (base 14) to base 3
-100
What is -12 (base 16) in base 11?
-17
0 (base 11) to base 7
0
31 (base 9) to base 10
28
Convert 0 (base 7) to base 2.
0
What is -3 (base 11) in base 13?
-3
What is -4 (base 7) in base 12?
-4
What is 24 (base 12) in base 5?
103
-169 (base 14) to base 9
-351
Convert 1 (base 8) to base 13.
1
210 (base 3) to base 6
33
What is 220 (base 6) in base 5?
314
-100011 (base 2) to base 16
-23
Convert 55 (base 6) to base 11.
32
-9 (base 12) to base 6
-13
What is -324 (base 7) in base 15?
-b0
What is -2 (base 16) in base 10?
-2
Convert -41 (base 8) to base 4.
-201
Convert -14 (base 5) to base 3.
-100
What is -100001000 (base 2) in base 7?
-525
What is 0 (base 16) in base 15?
0
-1 (base 5) to base 2
-1
What is -7a (base 13) in base 10?
-101
Convert 1 (base 10) to base 4.
1
27 (base 15) to base 14
29
4 (base 16) to base 13
4
Convert -11021 (base 3) to base 11.
-a5
What is 2b (base 15) in base 5?
131
What is 12 (base 4) in base 6?
10
Convert 16 (base 15) to base 12.
19
Convert 32 (base 11) to base 5.
120
Convert -64 (base 10) to base 16.
-40
42 (base 9) to base 3
1102
Convert -2000 (base 4) to base 9.
-152
-3 (base 15) to base 10
-3
Convert 1 (base 15) to base 7.
1
Convert 61 (base 7) to base 14.
31
25 (base 11) to base 15
1c
-1 (base 3) to base 15
-1
Convert 5 (base 15) to base 12.
5
Convert -13 (base 7) to base 15.
-a
1 (base 10) to base 12
1
What is 0 (base 7) in base 14?
0
What is -1f (base 16) in base 3?
-1011
Convert -3 (base 7) to base 8.
-3
What is -3 (base 6) in base 15?
-3
What is 108 (base 9) in base 6?
225
-18 (base 13) to base 8
